 m(q) = q - 2 - 4*q - q**f - q**3 + 0 - 3*q**2. What are the prime factors of m(-4)?
2, 5
Let d(x) = -2*x**2 + 14*x + 12. Let g be d(5). Suppose k - g = -13. List the prime factors of k.
19
Suppose 2*k - 10 + 0 = 0. Let q(r) = -4 - 3*r - 1 - k - 4. What are the prime factors of q(-6)?
2
Suppose 269*u + 1627 = 270*u. List the prime factors of u.
1627
Let l be 2459/1 - 7/(-7). Suppose -5*d + l - 885 = 0. List the prime factors of d.
3, 5, 7
Let s(p) be the second derivative of -p**4/12 - 4*p**3/3 - p**2 + 2*p. Let w be s(-6). Suppose w*r - 6*r - 60 = 0. What are the prime factors of r?
3, 5
Let l be -1*0*5/20. Suppose l = -10*t + 229 + 91. What are the prime factors of t?
2
Let w(v) = -v**3 - 2*v**2 + 2*v - 2. Let a(q) = 2*q**3 + 2*q**2 - q + 2. Let y(f) = 3*a(f) + 4*w(f). List the prime factors of y(4).
2, 3, 19
Suppose -1288 - 2527 = -5*l. What are the prime factors of l?
7, 109
Let u = -1548 - -2178. What are the prime factors of u?
2, 3, 5, 7
Suppose 5*j = 2*k - 967, 2*j = 2*k + j - 947. What are the prime factors of k?
3, 157
Let d = 2485 - 424. List the prime factors of d.
3, 229
Let q(f) = -f**3 - 5*f**2 - f + 1. Suppose l = 4*b - 1 - 11, 4*b = 8. Let i be q(l). Let g = i + 38. What are the prime factors of g?
3
What are the prime factors of (4/3)/(5 - (-93002)/(-18606))?
2, 443
Suppose 4658 = 20*h + 118. List the prime factors of h.
227
Let d(z) = 8*z + 3. Let v be d(-10). What are the prime factors of 4/22 - 2219/v?
29
Let g = 12 - 25. Let m(u) be the first derivative of -u**3/3 - 13*u**2/2 + 3*u + 1. List the prime factors of m(g).
3
Let s = 6 - 27. Let n = 27 + s. List the prime factors of n.
2, 3
Let a(p) = 6*p**3 + 8*p**2 - 2*p + 15. What are the prime factors of a(5)?
5, 191
Suppose -5*c + 2 + 13 = -3*n, -3*n + 6 = 2*c. Suppose 3*k + n*k - 12 = 0. Suppose -k*b + 20 = -0*b. What are the prime factors of b?
5
Suppose 0 = -4*y + 10 + 2, y + 7 = 5*l. Suppose j - 153 = -l*k, -5*j + 0*j - k + 765 = 0. List the prime factors of j.
3, 17
Let j(c) = -105*c - 286. What are the prime factors of j(-6)?
2, 43
Let b = -399 + 847. List the prime factors of b.
2, 7
Let b(a) = 2*a - 5. Let k be b(6). Let c be 1/3*(-3 - 6). Let h = c + k. List the prime factors of h.
2
Let w(v) = 51*v - 29. Let l be w(5). Let x = -167 + l. List the prime factors of x.
59
Suppose 4*r + r - 20 = 0. Suppose 0 = 5*u + 4*i - 5, -2*i - 2 = -2*u - 6*i. Suppose -64 = -r*a - 4*v, a - 2*v - u = 24. List the prime factors of a.
19
Suppose -2364 + 540 = -6*j. List the prime factors of j.
2, 19
Suppose -4*p = p - 2660. Suppose 5*u + 21 - p = -k, 2*u - 205 = -k. List the prime factors of u.
2, 3, 17
Let m = 546 - 170. What are the prime factors of m?
2, 47
Let g(u) = -u**3 - 13*u**2 - u - 9. Let z be g(-13). Suppose -2*d - 5*t + 6 + 55 = 0, -z*t = 5*d - 161. Let i = d - 21. What are the prime factors of i?
2, 3
Let y(i) = 3*i**2 - 11*i - 12. Let u be y(-5). Let x = u - -14. What are the prime factors of x?
2, 3, 11
Let i(l) be the second derivative of 0 - 1/12*l**4 + 4*l + 3/2*l**3 + 3*l**2. What are the prime factors of i(7)?
2, 5
Let q be (-16)/(-3) - (-34)/51. Let n be (8/6)/((-2)/(-6)). Suppose 98 = -n*t + q*t. List the prime factors of t.
7
List the prime factors of 2832 - 22 - ((-3)/(-3) - -6).
2803
Let d be (-4 - 0)/(-1) + -3. Let r(n) = 39*n**3 + n**2 + n - 2. List the prime factors of r(d).
3, 13
Suppose 3*g + 168 = 4*r - 278, -g + 328 = 3*r. Let z = -23 + r. List the prime factors of z.
3, 29
Let g(k) = 7 - 22*k + 7*k**2 + 4*k + 7 - 6*k**2. Let o be g(13). List the prime factors of (493/o)/((-2)/6).
29
Let d be (-6)/((3 - 4) + -1). Suppose 2*s + 58 = d*s. What are the prime factors of s?
2, 29
Let y(j) = j + 7. Suppose -4*f + 63 = -f. Let n(a) = -9*a - 69. Let w(h) = f*y(h) + 2*n(h). List the prime factors of w(8).
3, 11
Suppose 0 = -9*i + 11140 + 929. What are the prime factors of i?
3, 149
Let p(s) = -5*s**2 - 33*s**3 + 2*s + 4 + 32*s**3 + 3. Let n be p(-5). List the prime factors of n - (-71 + 4 - -1).
3, 7
Let z = 603 + 214. What are the prime factors of z?
19, 43
What are the prime factors of (2*(-2)/(-12))/(87/291537)?
1117
Let p(y) = -y**3 - 9*y**2 - 8*y - 20. Let f = -1 - 9. What are the prime factors of p(f)?
2, 5
Let m(o) = -o**2 + 0*o**2 + 34 + 5*o**2 - 5*o**2 + 5*o. What are the prime factors of m(7)?
2, 5
Suppose 5*y - 62 - 43 = 0. Let v = 67 - y. List the prime factors of v.
2, 23
What are the prime factors of (-12)/3 - -1*(8 + 2906)?
2, 3, 5, 97
What are the prime factors of 3 + (10 + -8230)/(-6)?
1373
Let q be ((-6)/4)/((-1)/(-240)). Let w be ((-12)/10)/((-27)/q). Let h = w - -28. List the prime factors of h.
2, 3
Suppose n + 5*g - 57 = -3*n, 0 = -3*n - 5*g + 49. Suppose -4*k = -2*q + 96, n*k - 5*k = 15. Let l = q + -41. What are the prime factors of l?
17
Let a(u) = -11*u - 20. Let x be a(-4). Suppose -26*h + 152 = -x*h. What are the prime factors of h?
2, 19
Let a = 35 + -37. What are the prime factors of (a - -2 - -2) + 1?
3
Let x(i) = -2*i**2 + 7*i - 9. Let n(j) = -j**2 + j. Let a(w) = -n(w) + x(w). Let c be a(6). Let o(z) = z + 22. What are the prime factors of o(c)?
13
Suppose -u + 42 = 4*y, 0*y = -3*u - y + 126. Suppose -p - u = p. What are the prime factors of (p/(-6))/((-2)/(-4))?
7
Let t(o) be the first derivative of -o**3/3 + 2*o**2 + 3*o - 5. Let v be t(4). Suppose -v*l - 3*b + 99 = 0, 0 = l - 2*b - 0*b - 21. List the prime factors of l.
29
Suppose 2*w - 1764 = 4*n, n = 2*w + 6*n - 1728. List the prime factors of w.
2, 19, 23
Suppose -1368 = 5*t + t. Let h = -28 - t. What are the prime factors of h?
2, 5
Let n be 5/(-1*(-2)/(-4)). Let r = 10 + n. Suppose 0 = -2*k - r*k + 100. List the prime factors of k.
2, 5
Let s(m) = m**3 - m**2 + m + 5. Let a = 10 + -10. Let i be s(a). Suppose -5*x - 118 = -3*p, 2*x = i*x + 15. What are the prime factors of p?
31
Suppose 4750 = 10*h - 12310. What are the prime factors of h?
2, 853
Suppose 4*j - 4*a = -36, -5*a + 9 = -2*j - 0. Suppose 5*k - 41 = w, 4*w - 3*w + k + 11 = 0. Let z = j - w. What are the prime factors of z?
2
Let u be 5 + 1 + (-4)/(-2). Let z(r) = -r**3 + 9*r**2 + 3*r + 7. Let m be z(u). Suppose -5*d + m = 3*g - 2*g, 4*d = -2*g + 82. List the prime factors of d.
2, 3
Let g be (-15)/((-5)/(5/3)). Let s = g + 49. Suppose 0 = 5*b - 2*v - 193, -4*b + 3*v + 106 = -s. What are the prime factors of b?
37
Let d = 3777 - 1768. What are the prime factors of d?
7, 41
Let n(u) = 42*u**2 + 39*u + 77. List the prime factors of n(-5).
2, 233
Let k = -257 - -1341. What are the prime factors of k?
2, 271
Let u(h) = h - 5. Let o be u(7). Let k(r) = -5 + 23*r**o - 24*r**2 + 6 + 10*r. List the prime factors of k(8).
17
Suppose -2*o = y - 4331, -2*o + 4*y + 4346 = -0*o. What are the prime factors of o?
11, 197
Let v(i) = 42 + 2*i**2 - i + 43 - 4*i - 83. What are the prime factors of v(8)?
2, 3, 5
Let b(j) be the third derivative of -5*j**4/24 + 13*j**3/3 - 13*j**2. What are the prime factors of b(-17)?
3, 37
Let k = -60 + 60. Suppose -x + 0*n + 82 = 4*n, k = 3*x + 5*n - 225. What are the prime factors of x?
2, 5, 7
Suppose -5*o + 3*d + 10765 = 0, 7 = d + 12. What are the prime factors of o?
2, 5, 43
Let v(z) = -z**3 + 2*z - 7. Let g be v(0). List the prime factors of g*(260/(-45) - 4/18).
2, 3, 7
Suppose -24*c + 62350 = 19*c. List the prime factors of c.
2, 5, 29
List the prime factors of 3348/(-81)*(-57)/4.
19, 31
Suppose 5*x - 3*x = 36. Let t = x - 13. Suppose b - 2*l = -2, -t*b + l + 14 = -2*b. List the prime factors of b.
2, 3
List the prime factors of 6390/25*4/((-64)/(-280)).
3, 7, 71
Suppose 0*l + 483 = 3*b + 5*l, 322 = 2*b - 3*l. What are the prime factors of b?
7, 23
Suppose -4*f - 27060 = -16*f. List the prime factors of f.
5, 11, 41
Let t(a) = a + 36. Let s be t(0). Suppose s = 5*v - 2*q - 2*q, q = -4*v + 33. List the prime factors of v.
2
List the prime factors of ((-9)/(-6) - 3)/((-27)/15210).
5, 13
Let t = -16 - -24. Let r be t/(-20) + (-128)/5. Let h = 4 - r. What are the prime factors of h?
2, 3, 5
Let v = -9 - -5. Let g be (-12)/10*(-10)/v. What are the prime factors of (-96)/g - (1 + 0)?
31
What are the prime factors of 879/(10 - 7) - -4?
3, 11
Suppose 3*u + 3*g - 789 = 0, 501 + 542 = 4*u - 5*g. List the prime factors of u.
2, 131
Let l(z) = -z**2 + 3*z + 9. Let h be l(8). Let t = h + 76. Sup